ctors of k.
5
Let y(q) = q**3 + 8*q**2 - 2*q - 2. Let i(j) = 9*j**3 + 3*j**2 + 3*j + 1. Let t be i(-1). What are the prime factors of y(t)?
2, 7
Let n = 15 + -13. What are the prime factors of (232/(-2 - -6))/n?
29
Let r(q) = -q**2 + 6*q + 2. Let t = -8 + 11. What are the prime factors of r(t)?
11
Suppose -380 = -2*v - 4*i, 4*v + 3*i = 5*v - 210. List the prime factors of v.
2, 3, 11
Let l(k) = k**3 + 20*k**2 - 7*k + 20. What are the prime factors of l(-20)?
2, 5
Let u(t) be the second derivative of 17*t**3/6 - t**2/2 + t. List the prime factors of u(3).
2, 5
Let t be 2/(-1*4/(-18)). Let y(l) = l + 2. List the prime factors of y(t).
11
Suppose 2*d + 2 - 8 = 0. Let x(m) be the first derivative of -m**4/4 + 4*m**3/3 - m**2 + 3*m - 8. List the prime factors of x(d).
2, 3
Suppose -a = 22 - 38. List the prime factors of a.
2
Let s(h) = -h**3 - h + 1. Let m be s(-2). Let z = -7 + m. List the prime factors of z.
2
Let j = 6 + 231. What are the prime factors of j?
3, 79
Let j(g) = g**3 - 9*g**2 + g - 5. Let q be j(9). Suppose 0 = -4*v + 6*v. Suppose v = f - 1 - q. What are the prime factors of f?
5
Suppose 13*n - 11*n = 134. List the prime factors of n.
67
Let i = 276 - 119. What are the prime factors of i?
157
Let v = 110 + -55. What are the prime factors of v?
5, 11
Suppose 0 = -2*f - 4*t + 16, -3*f = -8*f - 2*t + 24. Suppose 96 = -b + f*b. What are the prime factors of b?
2
Suppose -z = -3*z + 200. Suppose -z = -5*r + 4*g - 7*g, 2*r - 5*g - 9 = 0. List the prime factors of r.
17
List the prime factors of (-5)/((-5)/70*1).
2, 5, 7
Suppose -7*v + 128 = -3*v. Suppose 0*b - v = -2*b. List the prime factors of b.
2
Let o = 143 + 147. What are the prime factors of o?
2, 5, 29
Let n be (-2)/((-3)/((-9)/(-6))). Let w be (0 - -3)*n/1. Let b(z) = -z + 5. What are the prime factors of b(w)?
2
Let b = 9 + -5. Suppose j + 6 = b*j. List the prime factors of j.
2
Suppose 2*d = -2*y + 350, -5*d + 1280 = -2*y + 391. List the prime factors of d.
3, 59
Let o(d) = 15*d - 22. What are the prime factors of o(5)?
53
Let r(d) = 7*d + 2. Let u be r(3). Suppose 3*g = -12, -2*n = -5*n - g + u. What are the prime factors of n?
3
Suppose 0 = w - 4*w + 3*c - 9, -4*c + 28 = 4*w. Let k = 0 - w. Let z = 0 - k. List the prime factors of z.
2
Let i be 448/98 + (-4)/7. Suppose -i*u + 139 = 3*f - 18, -126 = -3*u - 5*f. List the prime factors of u.
37
Suppose 3*n - 11 = 5*d, -5*n + d + 12 = -d. Let r be (-2)/(-5) + n/(-5). Suppose 3*t + 4 - 10 = r. List the prime factors of t.
2
Let q(w) = -6*w**3 - 8*w + w**3 + 6*w**3 - 9 + 3*w**2. What are the prime factors of q(-4)?
7
Let q(g) = 2*g**2 - 7*g + 4. Suppose 1 = -5*y + 21. Let o be q(y). Suppose -k - o = -2*k. List the prime factors of k.
2
Suppose 0 = r - 4*r + 15. Suppose m = 4*y + 33, -120 = -7*m + 2*m + r*y. List the prime factors of m.
3, 7
Let b(y) = y**2 - 2*y + 2. Let a be b(2). Suppose 0 = 4*s - a*s - 18. List the prime factors of s.
3
Let k(v) = -v**3. Let j be k(0). Suppose j*o + 6 = 3*o. Suppose 15 = o*i + i. What are the prime factors of i?
5
Let c be 8/4 - (-1 + 0). Suppose 3*h - 24 = -4*q - 8, -16 = c*h - 4*q. Suppose -4*f + 13 + 15 = h. List the prime factors of f.
7
Suppose b - 16 = -b. Let u = b + -6. What are the prime factors of u?
2
Let t = 23 - 6. What are the prime factors of t?
17
Suppose 5*n = -0*n + 160. What are the prime factors of n?
2
Let x(q) = q**2 - 4*q - 15. What are the prime factors of x(12)?
3
Let c(m) = 19*m**2 - m - 1. List the prime factors of c(-1).
19
Suppose -3*w = -2*w - 245. What are the prime factors of w/9 - 4/18?
3
Let b(q) = -3 + 10*q + 0 + 2*q**3 - 2 - 4*q**2 + 4. Let m(v) = -3*v**3 + 3*v**2 - 10*v + 2. Let c(a) = -4*b(a) - 3*m(a). List the prime factors of c(-8).
2, 7
Let t be (-2 - -1)/(1/12). Let l = t + 17. Suppose 0 = -3*u + 3, -2*f - l*u + 9 = -20. What are the prime factors of f?
2, 3
List the prime factors of (12/(-8))/(1/(-26)).
3, 13
Let x = -21 - -46. What are the prime factors of x?
5
What are the prime factors of (0 + (-5)/(-10))*178?
89
Let x be (-3)/2*68/(-6). Let o = x - -13. List the prime factors of o.
2, 3, 5
Let k be ((-3)/(-5))/((-5)/(-75)). Suppose -3*s = -k, -4*d + 155 = d + 5*s. List the prime factors of d.
2, 7
Let i be 10/4 - (-12)/8. Suppose l + 6 = i*l. Suppose 3*z = 2*z + l. List the prime factors of z.
2
Suppose -384 = -4*v - 4*f, 3*f - f = -4*v + 390. What are the prime factors of v?
3, 11
Let f(v) = v**2 + 5*v - 2. Let r be f(-6). Suppose -4*y - 4 = -0*y, 3*x = -r*y + 29. What are the prime factors of x?
11
Suppose 3*b + v = 265, 3*b + v - 355 = -b. What are the prime factors of b?
2, 3, 5
Let r(d) = 4*d**3 + 14*d**2 - 5*d - 16. Let v(f) = -f**3 - 5*f**2 + 2*f + 5. Let w(s) = -2*r(s) - 7*v(s). List the prime factors of w(6).
3
Suppose -4 = -0*h + 2*h. List the prime factors of h/6*(2 + -23).
7
Suppose -n = -3*z + n + 2, -2*z = -3*n + 2. Suppose -v = -5*b - z, 2*v = -v + 6. Suppose b*h + 2*h = 4. What are the prime factors of h?
2
Let v be 0/(-3 + (1 - -1)). Suppose -50 = -v*r - 5*r. What are the prime factors of r?
2, 5
Let f = 3 - 4. List the prime factors of -3 - (-1 + f) - -14.
13
Suppose 37 = 5*f + 4*j, 2*f + 2*j + 31 = 5*f. Suppose 0 = -2*q - f + 37. What are the prime factors of q?
2, 7
List the prime factors of (-53)/(-1)*(-7 - -8).
53
Suppose -12*b = -5*b - 98. What are the prime factors of b?
2, 7
Let i be -1*((-6)/(-3) - -29). Let b = 49 + i. Suppose 3*p - b = -0*p. What are the prime factors of p?
2, 3
Let k(c) = 7*c + 2. List the prime factors of k(5).
37
Suppose 2*o + 0 - 4 = 0. Suppose -4*i + 4 = 0, o = -5*d - 5*i - 8. Let z(j) = -j**3 - 3*j**2 - 2*j + 2. List the prime factors of z(d).
2
Let s(m) = m - 3*m + 4*m - m**3 - 3 + 2*m. Let b be s(2). List the prime factors of 2 - (1 + 2)/b.
3
Let a(r) = r**2 - 6*r - 10. Let n be 12/18 + (-38)/(-6). Let t be a(n). List the prime factors of 1/(t/(-60)) - -3.
23
Let j(p) = p**2 - 6*p - 10. Let w be j(8). Let s be w/(4/((-32)/(-6))). Suppose -2*d + 0*d + s = 0. What are the prime factors of d?
2
Let w(x) = -x**3 - 4*x**2 - 4*x + 4. What are the prime factors of w(-4)?
2, 5
Let s(g) = -2*g - 6. Let w be s(-4). Let f be (4 - w)*13/(-2). Let h = f + 26. List the prime factors of h.
13
Let w = 13 + -18. Let k = 14 + w. List the prime factors of k.
3
Let t(a) = 7*a**2 + 8*a + 10. Let k(n) = n + 3. Let b be k(-4). Let j(x) = x**3 + x**2 + x - 1. Let m(q) = b*j(q) - t(q). List the prime factors of m(-7).
5
Let k = -3 + 5. List the prime factors of 1/(k/56*1).
2, 7
Suppose 8 = o - 98. What are the prime factors of o?
2, 53
Let f = 191 + 55. What are the prime factors of f?
2, 3, 41
Let c be (22/(-4))/(3/(-18)). Let v be (-4)/(-22) - (-27)/c. Let k = v - -11. What are the prime factors of k?
2, 3
Let u = 378 - 129. List the prime factors of u.
3, 83
Let m(c) = 2*c - 52 + 54 + c. Let v be 4/(-1)*(-3 - -2). List the prime factors of m(v).
2, 7
Let g(r) = -r**3 - 5*r**2 - 5*r + 5. Let i(z) = z**2 + 7*z + 5. Let x be i(-5). What are the prime factors of g(x)?
2, 3, 5
Let y be 2 - (6/3)/(-2). Suppose 44 = k + y*k. What are the prime factors of k?
11
Let k be -8 - -5 - -1*3. What are the prime factors of (k + -4 - -3)*-22?
2, 11
Suppose -4*b - 2 = -74. Suppose -b = -s + 5*i, s + 0*s - 18 = 3*i. What are the prime factors of s?
2, 3
Let i(z) = -381 + 383 - 4*z - 2*z**2 + 3*z**2. Let g(c) = c**2 - 2*c - 3. Let l be g(4). What are the prime factors of i(l)?
7
Let g(d) = -2*d**3 - 6*d + 3 - 2*d**2 + 3*d**3 + 6*d**2. What are the prime factors of g(-5)?
2
Let z = 22 - -3. What are the prime factors of z?
5
Suppose 0 = -6*c + 3*c. Suppose 4*j - 7 - 17 = c. List the prime factors of j.
2, 3
Let l be 1/(1/12*-2). Let k = l + 22. List the prime factors of k.
2
Let j(k) = -k**3 - 9*k**2 - k + 1. Let x = 7 + -8. Let b be 12/x*15/20. What are the prime factors of j(b)?
2, 5
Let p = 106 + -45. List the prime factors of p.
61
Let v(r) = 0*r**2 + 2*r + r**2 - 2 + 0 + 0*r**2. What are the prime factors of v(3)?
13
Suppose -3*a - 11 = -4*c + 2*a, -3*c + 4*a + 8 = 0. Suppose 0*g - 1 = -g - 4*p, -4*g + c*p + 24 = 0. List the prime factors of g.
5
Let t(p) = -7*p - 2. What are the prime factors of t(-5)?
3, 11
Let b(g) = 3*g + 6. Let x be b(-4). Let c(q) = -q**2 - 9*q + 1. List the prime factors of c(x).
19
Let s = -3 + 3. Suppose